Feb 11 13:07:31 raspberrypi systemd[1]: Started Hostname Service.
Feb 11 13:17:01 raspberrypi CRON[2143]: (root) CMD ( cd / && run-parts --report /etc/cron.hourly)
Feb 11 13:29:32 raspberrypi dhcpcd[370]: eth0: carrier acquired
Feb 11 13:29:32 raspberrypi dhcpcd[370]: eth0: adding address fe80::f66b:1a9d:341:e81
Feb 11 13:29:32 raspberrypi kernel: [ 6013.235117] smsc95xx 1-1.1:1.0 eth0: link up, 100Mbps, full-duplex, lpa 0xC1E1
Feb 11 13:29:32 raspberrypi dhcpcd[370]: eth0: IAID eb:53:80:0f
Feb 11 13:29:32 raspberrypi dhcpcd[370]: eth0: probing address 192.168.3.1/24
Feb 11 13:29:32 raspberrypi dhcpcd[370]: eth0: soliciting an IPv6 router
Feb 11 13:29:33 raspberrypi avahi-daemon[330]: Joining mDNS multicast group on interface eth0.IPv6 with address fe80::f66b:1a9d:341:e81.
Feb 11 13:29:33 raspberrypi avahi-daemon[330]: New relevant interface eth0.IPv6 for mDNS.
Feb 11 13:29:33 raspberrypi avahi-daemon[330]: Registering new address record for fe80::f66b:1a9d:341:e81 on eth0.*.
Feb 11 13:29:36 raspberrypi dhcpcd[370]: eth0: using static address 192.168.3.1/24
Feb 11 13:29:36 raspberrypi avahi-daemon[330]: Joining mDNS multicast group on interface eth0.IPv4 with address 192.168.3.1.
Feb 11 13:29:36 raspberrypi avahi-daemon[330]: New relevant interface eth0.IPv4 for mDNS.
Feb 11 13:29:36 raspberrypi dhcpcd[370]: eth0: adding route to 192.168.3.0/24
Feb 11 13:29:36 raspberrypi avahi-daemon[330]: Registering new address record for 192.168.3.1 on eth0.IPv4.
Feb 11 13:29:36 raspberrypi dhcpcd[370]: eth0: removing route to 192.168.3.0/24
Feb 11 13:29:40 raspberrypi kernel: [ 6021.858712] smsc95xx 1-1.1:1.0 eth0: link down
Feb 11 13:29:40 raspberrypi dhcpcd[370]: eth0: carrier lost
Feb 11 13:29:40 raspberrypi dhcpcd[370]: eth0: deleting address fe80::f66b:1a9d:341:e81
Feb 11 13:29:40 raspberrypi avahi-daemon[330]: Withdrawing address record for fe80::f66b:1a9d:341:e81 on eth0.
Feb 11 13:29:40 raspberrypi avahi-daemon[330]: Leaving mDNS multicast group on interface eth0.IPv6 with address fe80::f66b:1a9d:341:e81.
Feb 11 13:29:40 raspberrypi avahi-daemon[330]: Interface eth0.IPv6 no longer relevant for mDNS.
Feb 11 13:29:40 raspberrypi avahi-daemon[330]: Withdrawing address record for 192.168.3.1 on eth0.
Feb 11 13:29:40 raspberrypi avahi-daemon[330]: Leaving mDNS multicast group on interface eth0.IPv4 with address 192.168.3.1.
Feb 11 13:29:40 raspberrypi avahi-daemon[330]: Interface eth0.IPv4 no longer relevant for mDNS.
Feb 11 13:29:42 raspberrypi dhcpcd[370]: eth0: carrier acquired
Feb 11 13:29:42 raspberrypi dhcpcd[370]: eth0: adding address fe80::f66b:1a9d:341:e81
Feb 11 13:29:42 raspberrypi kernel: [ 6023.563235] smsc95xx 1-1.1:1.0 eth0: link up, 100Mbps, full-duplex, lpa 0xCDE1
Feb 11 13:29:42 raspberrypi dhcpcd[370]: eth0: IAID eb:53:80:0f
Feb 11 13:29:42 raspberrypi dhcpcd[370]: eth0: probing address 192.168.3.1/24
Feb 11 13:29:42 raspberrypi dhcpcd[370]: eth0: soliciting an IPv6 router
Feb 11 13:29:44 raspberrypi avahi-daemon[330]: Joining mDNS multicast group on interface eth0.IPv6 with address fe80::f66b:1a9d:341:e81.
Feb 11 13:29:44 raspberrypi avahi-daemon[330]: New relevant interface eth0.IPv6 for mDNS.
Feb 11 13:29:44 raspberrypi avahi-daemon[330]: Registering new address record for fe80::f66b:1a9d:341:e81 on eth0.*.
Feb 11 13:29:47 raspberrypi dhcpcd[370]: eth0: using static address 192.168.3.1/24
Feb 11 13:29:47 raspberrypi avahi-daemon[330]: Joining mDNS multicast group on interface eth0.IPv4 with address 192.168.3.1.
Feb 11 13:29:47 raspberrypi avahi-daemon[330]: New relevant interface eth0.IPv4 for mDNS.
Feb 11 13:29:47 raspberrypi dhcpcd[370]: eth0: adding route to 192.168.3.0/24
Feb 11 13:29:47 raspberrypi avahi-daemon[330]: Registering new address record for 192.168.3.1 on eth0.IPv4.
Feb 11 13:29:47 raspberrypi dhcpcd[370]: eth0: removing route to 192.168.3.0/24